emainder when 317 is divided by 42?
23
What is the remainder when 1945 is divided by 329?
300
What is the remainder when 10147 is divided by 236?
235
Calculate the remainder when 2066 is divided by 50.
16
Calculate the remainder when 895 is divided by 64.
63
What is the remainder when 3116 is divided by 16?
12
Calculate the remainder when 4535 is divided by 63.
62
What is the remainder when 77 is divided by 2?
1
What is the remainder when 543 is divided by 19?
11
Calculate the remainder when 179 is divided by 63.
53
Calculate the remainder when 944 is divided by 21.
20
What is the remainder when 590 is divided by 69?
38
Calculate the remainder when 788 is divided by 24.
20
What is the remainder when 234 is divided by 48?
42
Calculate the remainder when 1535 is divided by 29.
27
Calculate the remainder when 81 is divided by 33.
15
What is the remainder when 78 is divided by 16?
14
Calculate the remainder when 883 is divided by 10.
3
Calculate the remainder when 224 is divided by 58.
50
Calculate the remainder when 282 is divided by 25.
7
What is the remainder when 39 is divided by 37?
2
Calculate the remainder when 12 is divided by 5.
2
What is the remainder when 184 is divided by 38?
32
What is the remainder when 53 is divided by 24?
5
Calculate the remainder when 733 is divided by 32.
29
Calculate the remainder when 68 is divided by 49.
19
Calculate the remainder when 106 is divided by 9.
7
Calculate the remainder when 3990 is divided by 8.
6
Calculate the remainder when 473 is divided by 32.
25
What is the remainder when 1489 is divided by 125?
114
Calculate the remainder when 246 is divided by 17.
8
Calculate the remainder when 883 is divided by 866.
17
What is the remainder when 284 is divided by 58?
52
Calculate the remainder when 472 is divided by 14.
10
Calculate the remainder when 81 is divided by 25.
6
What is the remainder when 796 is divided by 47?
44
What is the remainder when 73 is divided by 32?
9
What is the remainder when 126 is divided by 71?
55
What is the remainder when 11121 is divided by 54?
51
Calculate the remainder when 4860 is divided by 128.
124
Calculate the remainder when 1473 is divided by 12.
9
What is the remainder when 2098 is divided by 18?
10
Calculate the remainder when 561 is divided by 126.
57
What is the remainder when 823 is divided by 92?
87
What is the remainder when 60 is divided by 9?
6
What is the remainder when 7418 is divided by 38?
8
What is the remainder when 24138 is divided by 239?
238
Calculate the remainder when 543 is divided by 28.
11
Calculate the remainder when 541 is divided by 108.
1
Calculate the remainder when 99 is divided by 20.
19
Calculate the remainder when 5002 is divided by 65.
62
Calculate the remainder when 84 is divided by 29.
26
Calculate the remainder when 130 is divided by 33.
31
What is the remainder when 1019 is divided by 25?
19
Calculate the remainder when 3609 is divided by 23.
21
What is the remainder when 746 is divided by 11?
9
What is the remainder when 842 is divided by 272?
26
What is the remainder when 145 is divided by 49?
47
Calculate the remainder when 81 is divided by 14.
11
Calculate the remainder when 1314 is divided by 438.
0
What is the remainder when 201 is divided by 61?
18
Calculate the remainder when 560 is divided by 11.
10
What is the remainder when 3201 is divided by 56?
9
What is the remainder when 827 is divided by 142?
117
Calculate the remainder when 564 is divided by 9.
6
What is the remainder when 1780 is divided by 119?
114
What is the remainder when 3145 is divided by 105?
100
What is the remainder when 118 is divided by 25?
18
What is the remainder when 583 is divided by 146?
145
What is the remainder when 626 is divided by 313?
0
What is the remainder when 3334 is divided by 139?
137
What is the remainder when 949 is divided by 30?
19
Calculate the remainder when 35 is divided by 19.
16
What is the remainder when 98 is divided by 20?
18
Calculate the remainder when 1185 is divided by 216.
105
Calculate the remainder when 2107 is divided by 525.
7
Calculate the remainder when 238 is divided by 6.
4
Calculate the remainder when 102 is divided by 56.
46
What is the remainder when 84 is divided by 45?
39
What is the remainder when 372 is divided by 67?
37
What is the remainder when 8698 is divided by 2895?
13
Calculate the remainder when 19 is divided by 19.
0
What is the remainder when 1142 is divided by 28?
22
What is the remainder when 44 is divided by 13?
5
What is the remainder when 69 is divided by 6?
3
What is the remainder when 260 is divided by 194?
66
What is the remainder when 89 is divided by 15?
14
What is the remainder when 157 is divided by 40?
37
What is the remainder when 116 is divided by 33?
17
What is the remainder when 2100 is divided by 57?
48
Calculate the remainder when 233 is divided by 6.
5
What is the remainder when 57 is divided by 16?
9
Calculate the remainder when 97 is divided by 11.
9
Calculate the remainder when 105 is divided by 27.
24
What is the remainder when 132 is divided by 53?
26
What is the remainder when 36 is divided by 8?
4
Calculate the remainder when 301 is divided by 16.
13
Calculate the remainder when 655 is divided by 41.
40
Calculate the remainder when 1334 is divided by 193.
176
Calculate the remainder when 95 is divided by 28.
11
Calculate the remainder when 1484 is divided by 11.
10
What is the remainder when 1712 is divided by 35?
32
What is the remainder when 233 is divided by 16?
9
Calculate the remainder when 1024 is divided by 147.
142
Calculate the remainder when 40 is divided by 17.
6
What is the remainder when 100 is divided by 95?
5
What is the remainder when 725 is divided by 11?
10
What is the remainder when 69 is divided by 14?
13
Calculate the remainder when 129 is divided by 28.
17
What is the remainder when 102 is divided by 45?
12
What is the remainder when 1090 is divided by 91?
89
Calculate the remainder when 394 is divided by 333.
61
What is the remainder when 1375 is divided by 680?
15
What is the remainder when 7241 is divided by 12?
5
What is the remainder when 1231 is divided by 23?
12
What is the remainder when 371 is divided by 31?
30
Calculate the remainder when 5249 is divided by 6.
5
Calculate the remainder when 159 is divided by 45.
24
What is the remainder when 574 is divided by 190?
4
Calculate the remainder when 2047 is divided by 82.
79
What is the remainder when 404 is divided by 132?
8
Calculate the remainder when 844 is divided by 286.
272
Calculate the remainder when 1786 is divided by 491.
313
What is the remainder when 497 is divided by 5?
2
Calculate the remainder when 6381 is divided by 38.
35
What is the remainder when 462 is divided by 15?
12
What is the remainder when 15159 is divided by 257?
253
Calculate the remainder when 5728 is divided by 61.
55
What is the remainder when 2314 is divided by 576?
10
What is the remainder when 87 is divided by 85?
2
Calculate the remainder when 21 is divided by 19.
2
What is the remainder when 550 is divided by 94?
80
What is the remainder when 83 is divided by 28?
27
Calculate the remainder when 3551 is divided by 12.
11
What is the remainder when 214 is divided by 38?
24
Calculate the remainder when 86 is divided by 82.
4
What is the remainder when 1455 is divided by 27?
24
Calculate the remainder when 254 is divided by 17.
16
Calculate the remainder when 186 is divided by 100.
86
Calculate the remainder when 1632 is divided by 24.
0
What is the remainder when 151 is divided by 22?
19
What is the remainder when 688 is divided by 26?
12
Calculate the remainder when 201 is divided by 8.
1
What is the remainder when 11922 is divided by 28?
22
Calculate the remainder when 753 is divided by 86.
65
Calculate the remainder when 202 is divided by 69.
64
Calculate the remainder when 19114 is divided by 27.
25
Calculate the remainder when 326 is divided by 70.
46
What is the remainder when 437 is divided by 75?
62
Calculate the remainder when 1547 is divided by 767.
13
Calculate the remainder when 302 is divided by 29.
12
What is the remainder when 643 is divided by 313?
17
Calculate the remainder when 1191 is divided by 588.
15
What is the remainder when 1796 is divided by 166?
136
Calculate the remainder whe